 Suppose -t + 3*t + 2 = 2*c, -a*c + 3 = -t. Let q(b) = 7*b**3 - 2*b + 1. Determine q(t).
6
Let b = -3 - -4. Suppose 2*h = 5 + b. Let x(u) = -u**2 + u - 1. What is x(h)?
-7
Let c(p) = p**3 - 3*p**2 + 2*p + 4. Suppose 10 = n + n. Let s be (6/10)/(1/n). Give c(s).
10
Let f be 5 + -4 - (-1 - 1). Let z(v) = -2 + 4*v - 2*v + 0 - f*v. Let u be 3/(-1 + -2) - 2. Determine z(u).
1
Let t(o) = o**2 + 21*o - 69. Let q be t(-24). Let l(x) be the second derivative of 0 + 1/12*x**4 + 1/6*x**q - 1/20*x**5 - 3*x - 4*x**2. Give l(0).
-8
Let z(r) be the first derivative of -2*r**3/3 + r**2 + r + 2. Let q = 13 + -7. Let x be (q/(-9))/(2/3). Determine z(x).
-3
Let p(m) be the first derivative of -m**4/4 - 5*m**3/3 - m**2 + 2*m + 1. Suppose 5*q - 3*q + 4 = 0. Let t be 10/(-3) - q/(-3). Give p(t).
-6
Let d(x) be the third derivative of x**4/24 + 7*x**3/6 - 5*x**2. Let n(q) = -2. Let u(h) = -2*d(h) - 4*n(h). Determine u(-6).
6
Let g(w) be the second derivative of -w**5/20 + w**4/12 - w**2 + 2*w. What is g(-2)?
10
Let g(n) = -n + 3. Let a be (-2)/(-3) - 22/(-3). Give g(a).
-5
Let f(m) = m**2 - 5*m - 3. Let g be f(7). Let a = -7 + g. Let x(z) = 2*z - 6. Calculate x(a).
2
Let y(i) = i**3 + 5*i**2 + 4*i - 1. Let j(h) = -3*h - 3. Let m be j(-2). Let t(z) = -z**2 + 5*z + 2. Let v be t(m). Suppose -3*n + v*n = -20. What is y(n)?
-1
Let a(j) be the third derivative of j**6/30 - j**5/30 + j**3/6 - 2*j**2. Determine a(-1).
-5
Let d(a) = -9*a**3 - 18*a**2 - 5. Let k(r) = -5*r**3 - 10*r**2 - 3. Let n(o) = 4*d(o) - 7*k(o). Give n(-2).
1
Let g(j) = -j**3 + j**2 + 2*j + 1. Let t = -20 + 22. Calculate g(t).
1
Let r be (-1)/(-3)*(2 + 1). Suppose 16 = 3*n + r. Let y(b) = b**2 - 6*b + 5. Give y(n).
0
Let a(c) = -2*c**2 - 2*c - 8. Let v(l) = 3*l**2 + 2*l + 9. Let x(j) = 4*a(j) + 3*v(j). Calculate x(5).
10
Let l(w) = w**2 - 5*w + 1. Let o = 1 + -1. Suppose -3*r + b + 10 = o, 4*b - 40 = r - 5*r. What is l(r)?
1
Let q(s) = -11*s - 1. Let b(v) = -5*v. Let t(u) = 13*b(u) - 6*q(u). Let r(z) = -z**3 - 3*z**2 + 2*z + 1. Let g be r(2). Let y be (2/((-6)/g))/1. Calculate t(y).
11
Let u(b) = -b**3 - b**2 - b + 2. Let n = 1 + -21. Let f be 24/n - (-4)/(-5). Give u(f).
8
Suppose 12 = -4*q - 8. Let l = 8 + q. Suppose k = -1 + l. Let t(b) = -b**3 - 2*b + 3. Calculate t(k).
-9
Let m(s) = 11*s**3 - s**2 - s. Suppose -2*b = -26 + 28. Calculate m(b).
-11
Let t(f) = -3*f**2 - 8*f + 4. Let a(b) = -5*b**2 - 16*b + 9. Let r(k) = 4*a(k) - 7*t(k). What is r(6)?
-4
Let k(m) = -m**3 + 6*m**2 - 4*m. Let i be k(5). Let l(w) = w - 7. Calculate l(i).
-2
Let b(i) = -2 + 3 - i**2 - 3*i + 7*i. Let n = 8 + -12. Let u = -1 - n. Give b(u).
4
Let d(r) be the third derivative of r**6/24 - 2*r**3/3 - 8*r**2. Let v(b) = b**3 + b**2 - b. Let z(a) = -d(a) + 4*v(a). Calculate z(3).
1
Let z(u) = -6*u - 2*u - 1 + 6*u. Let b = -3 - -4. What is z(b)?
-3
Let j(h) be the third derivative of h**8/6720 - h**7/630 - 7*h**6/720 + h**5/20 - h**4/8 - 2*h**2. Let k(p) be the second derivative of j(p). Calculate k(5).
-4
Let j(n) be the first derivative of -n**5/60 - n**4/6 - 8*n**3/3 - 7. Let h(i) be the third derivative of j(i). Calculate h(-6).
8
Let a be 9*2*(-1)/(-6). Suppose -6 = -3*s + a*p, 3*s + 0*s = 5*p + 10. Let i(d) = 2*d**2 - 3*d**2 + 4*d + 0*d - 7 + d**3 - 3*d. Give i(s).
-7
Let g = 4 + -6. Let f(b) = 2*b**2 + 9. Let y(h) = -3*h**2 - 13. Let l(u) = -7*f(u) - 5*y(u). Determine l(g).
6
Let d(p) = -4 + 0*p - p**2 - 4*p - p + 2*p. Give d(-4).
-8
Let y be 9 + -5 - (1 + 0). Let x(j) be the second derivative of j**5/60 + j**4/12 + j**3/6 - j. Let u(l) be the second derivative of x(l). What is u(y)?
8
Let g(x) = -x**3 - 13*x**2 - 14*x - 18. Let w be g(-12). Let h(s) = -3*s - 3. Let p(q) = -5*q - 7. Let o(d) = -7*h(d) + 4*p(d). Calculate o(w).
-1
Let l(x) be the first derivative of -3/2*x**2 + 1/6*x**3 + 7/24*x**4 + 0*x + 3. Let u(n) be the second derivative of l(n). Calculate u(1).
8
Let g(d) = 7*d - 9. Let p(r) = 14*r - 19. Let v(n) = 5*g(n) - 3*p(n). Let a(l) = -4*l + 6. Let o(t) = 5*a(t) - 3*v(t). Let i be (-2)/(0 - 4/10). What is o(i)?
-1
Let a be (-2 - 1)/1 - -6. Let j(q) = a*q - 4*q**2 - 312 + 312. Determine j(2).
-10
Let q(l) = l**2 - 2*l - 3. Let s be q(4). Let d be 31/5 - 1/s. Let f(h) = -h**2 + 6*h + 1. What is f(d)?
1
Let g(j) be the third derivative of j**4/24 - j**3/6 + 5*j**2. Determine g(2).
1
Let z be (3/6)/((-1)/(-14)). Let n(o) = o**3 - 8*o**2 + 7*o - 6. Calculate n(z).
-6
Suppose 4*v + v + 5*s = 25, -11 = -4*v + 5*s. Suppose -k - k - 2*b = -6, -v*b = k. Suppose -5 + 1 = k*l. Let n(x) = 7*x**2 - x. What is n(l)?
8
Let j be 9/(-2)*16/(-24). Let m(g) = -4 - 8*g**2 - 2*g**j + 3*g**3 - 8*g + 14*g**2. Let y be m(-7). Let x(p) = p**3 - 3*p**2 - p. Give x(y).
-3
Let a(x) = x**3 + x**2 + x - 1. Suppose -18 = 2*i - 5*i. Suppose -2*m = 2*g - i*g + 26, g + 3*m + 11 = 0. Suppose -4*y + g = -0*y. Give a(y).
2
Suppose -13 = 3*x + 5. Let w be (-15)/6 - 9/x. Let v(a) = 4*a + 1. What is v(w)?
-3
Let a(h) be the third derivative of -h**4/8 - 3*h**3/2 - 16*h**2. What is a(-7)?
12
Let a(t) be the first derivative of 5*t**4/24 - t**3/6 + t**2/2 + 2. Let z(j) be the second derivative of a(j). Calculate z(1).
4
Let s = 7 + -5. Let n(c) = 0*c - 4*c**2 - 2*c + 3*c**s + 1 + 14*c**2. Calculate n(1).
12
Suppose -n - 2*v = n + 24, n = -3*v - 10. Let j be (n + 1)*6/8. Let a = 4 + j. Let l(m) = -m**2 - 5*m + 1. Determine l(a).
1
Let c(o) = 1 + 1 + 5 - 1 - 2*o. Let q = -6 + 10. What is c(q)?
-2
Let h(m) = m**2 - 4*m + 4. Let a be h(2). Let c(r) = r - 5. What is c(a)?
-5
Let q(p) = -p - 3. Suppose 0*d + 24 = 4*d. Calculate q(d).
-9
Let h(g) = g - 17. Let n be h(13). Let o(b) = 4*b. Calculate o(n).
-16
Let j(v) = -9*v**2 + 7*v + 1. Let q be 7*(-3 + (-30)/(-14)). Let w(o) = -o**2 + o. Let c(s) = q*w(s) + j(s). Give c(2).
-9
Suppose -2*y + 15 = 3*a - 7*y, 4*a = -y + 20. Let m(o) = -o + 3. Calculate m(a).
-2
Let d(b) be the first derivative of b**4/4 + b**3 - 7*b**2/2 - 6*b - 5. Determine d(-4).
6
Let b(t) = -11*t - 89. Let f be b(-9). Let v(l) = l - 14. Calculate v(f).
-4
Let z(y) = -y**3 + 2*y**2 - 1. Let a be z(1). Let m(l) = -1 + 0 + a*l**2 + 0 + l**2 + 4*l**3 - l. Let r be (-2)/(-4)*-2 + 0. Determine m(r).
-3
Let x = 9 - 10. Let d(o) = o**3 + 2*o**2 - 1. Give d(x).
0
Let a(g) = -g**2 + 2*g - 3. Let t(c) = -c**2 + c. Let o(h) = -a(h) + 2*t(h). What is o(0)?
3
Suppose -4*q - 9 + 33 = 0. Let g(y) be the first derivative of 0 - y**2 - 2*y + q*y - 2. What is g(4)?
-4
Let o(n) = n**2 - 6*n - 1. Let g = 47 - 42. What is o(g)?
-6
Let c(o) = -o**3 - 5*o**2 - 3*o - 6. Suppose 0 = -0*n - 2*n - 10. What is c(n)?
9
Let g(f) = f - 6. Let d be -1 - (0 - (3 + 66)). Let x = d - 38. Suppose 3*r + 20 = y - 0*y, 3*y = 3*r + x. What is g(y)?
-1
Suppose -3*r - 2*l = -4*l - 2, 15 = 3*l. Let v(k) = -4*k - 5. Let m(j) = j**2 + 1. Let d(t) = -m(t) - v(t). Calculate d(r).
4
Let k(c) = 8*c**3. Suppose v + 16 = 5*v. Suppose 3*f = v*f - 1. Determine k(f).
8
Let y be (-94)/14 - 4/14. Let d(u) = u**3 + 7*u**2 + u + 3. Let q be d(y). Let z be (4/(-8))/((-2)/q). Let s(x) = 9*x + 1. What is s(z)?
-8
Let g(m) = 20*m**2 + 15*m - 35. Let p(f) = 7*f**2 + 5*f - 12. Let q(c) = 6*g(c) - 17*p(c). Calculate q(-6).
0
Let d = 3 + -3. Suppose h = -2*x + 6*x - 14, d = h + x - 1. Let c(g) = g**3 + g**2 - 2*g - 2. Determine c(h).
-2
Let o be 5/((-7 + 3)/4). Let v(n) = n - 5 - n + n. Calculate v(o).
-10
Let b = 27 - 23. Let f(d) be the first derivative of 4/3*d**3 + 5*d + 1/4*d**b - 1 - 2*d**2. Determine f(-5).
0
Let m = 36 - 42. Let q(p) = p**3 + 5*p**2 - 4*p - 9. What is q(m)?
-21
Suppose -5*n + 0 = -5. Let t(m) = -14*m**3 + 2*m**2 - 2*m + 1. Determine t(n).
-13
Let q(s) = -4*s + 1. Suppose 4*j + 3 + 13 = 0. Let p = -8 - j. Let a(m) = -m**3 - 5*m**2 - 5*m - 5. Let f be a(p). Determine q(f).
5
Suppose 0 = -16*f - 4 - 76. Let s(l) = -l**2 - 4*l + 1. Calculate s(f).
-4
Let s(l) = l**2 + 8*l. Let r be s(-8). Let w(q) = r*q + 5 - q**3 + 2*q + 6*q**2 - 5*q - 3*q. Give w(5).
0
Let m = -8 + 11. Let h(s) = -2*s**2 - 2*s - 3*s + 3 + m*s**2. Suppose 0 = -4*a - a + 20. What is h(a)?
-1
Let h(d) = -d**2 + 5*d - 7. Let m = -83 - -86. Determine h(m).
-1
Let r(w) = -w**2 + w - 1. Let s(o) = o**2 - 6*o - 3. Let q(g) = 2*r(g) + s(g). Calculate q(-6).
-17
Let p = 6 + -4. Suppose -2*n - p*n = -4*t - 16, 5*n - 32 = 